{"id":13073,"date":"2023-10-10T18:00:33","date_gmt":"2023-10-10T16:00:33","guid":{"rendered":"http:\/\/localhost\/wp\/elecgreen\/?post_type=product&#038;p=13073"},"modified":"2024-09-13T21:09:51","modified_gmt":"2024-09-14T00:09:51","slug":"4k-uhd-led-smart-tv","status":"publish","type":"product","link":"https:\/\/espacioelectricos.cl\/?product=4k-uhd-led-smart-tv","title":{"rendered":"Cocina Encimeras EP-60 4G AI AL CI"},"content":{"rendered":"<h3>Encimera de acero inoxidable de 4 quemadores y parrillas<br \/>\nde hierro fundido, con Sistema de Seguridad.<\/h3>\n<div id=\"product-content\">\n<ul>\n<li>4 Quemadores<\/li>\n<li>Base de acero inoxidable<\/li>\n<li>Panel mec\u00e1nico lateral<\/li>\n<li>Parrillas de hierro fundido<\/li>\n<li>Autoencendido<\/li>\n<\/ul>\n<\/div>\n<div id=\"ref-ean\"><\/div>\n<div id=\"product-color-price\">\n<div class=\"product-colors\">\n<div>\n<h3>Rejillas de acero fundido<\/h3>\n<p>Rejillas de hierro fundido con dise\u00f1o curvo para que puedas deslizar los recipientes de un lugar a otro con completa libertad. Mayor independencia para cocinar en cada zona de cocci\u00f3n.<\/p>\n<\/div>\n<div>\n<h3>Tecnolog\u00eda de autoignici\u00f3n<\/h3>\n<p>Las placas de gas con tecnolog\u00eda de autognici\u00f3n no requieren cerillas ni mecheros para encender la llama. Simplemente gira el mando para encenderla.<\/p>\n<h3 id=\"product-technical-details-title\" class=\"et_pb_row product-title-section\">Detalles t\u00e9cnicos<\/h3>\n<div id=\"product-features\" class=\"et_pb_section_2\">\n<div class=\"et_pb_row\">\n<div class=\"et_pb_column et_pb_column_4_4\">\n<div id=\"product-features-list\" class=\"list-gray et_pb_module et_pb_text et_pb_text_5 et_pb_bg_layout_light et_pb_text_align_left\">\n<div class=\"et_pb_text_inner\">\n<ul>\n<li>Encimera de cocci\u00f3n gas<\/li>\n<li>Parrillas de fundici\u00f3n<\/li>\n<li>Autoencendido en cada quemador<\/li>\n<li>Sistema de Seguridad Termopar: Corta el paso del Gas<\/li>\n<li>Dimensiones: 580 x 500 mm<\/li>\n<li>4 zonas de cocci\u00f3n:<\/li>\n<li>1 quemador r\u00e1pido 2,75 kw<\/li>\n<li>2 quemadores semi-r\u00e1pidos 1,65 kw<\/li>\n<li>1 quemador auxiliar 0.9 kw.<\/li>\n<li>Fabricada en Italia.<\/li>\n<\/ul>\n<\/div>\n<\/div>\n<\/div>\n<\/div>\n<\/div>\n<div id=\"product-color-price\">\n<div>\n<h5 class=\"et_pb_toggle_title\">Medidas generales<\/h5>\n<div class=\"et_pb_toggle_content clearfix\">\n<ul>\n<li><strong>Altura del producto (mm):\u00a0<\/strong>35<\/li>\n<li><strong>Anchura del producto (mm):\u00a0<\/strong>600<\/li>\n<li><strong>Profundidad del producto (mm):\u00a0<\/strong>435<\/li>\n<li><strong>Peso del producto (Kg):\u00a0<\/strong>7<\/li>\n<\/ul>\n<h5 class=\"et_pb_toggle_title\">Medidas de ajuste<\/h5>\n<div class=\"et_pb_toggle_content clearfix\">\n<ul>\n<li><strong>Built-in Ancho (mm):\u00a0<\/strong>580<\/li>\n<li><strong>Incorporado en profundidad (mm):\u00a0<\/strong>415<\/li>\n<li><strong>Incorporado Altura (mm):\u00a0<\/strong>35<\/li>\n<\/ul>\n<h5 class=\"et_pb_toggle_title\">Sistema de seguridad<\/h5>\n<div class=\"et_pb_toggle_content clearfix\">\n<ul>\n<li><strong>Desconexi\u00f3n autom\u00e1tica de seguridad (bloqueo autom\u00e1tico) (Gas):\u00a0<\/strong>S\u00ed<\/li>\n<li><strong>Desconexi\u00f3n autom\u00e1tica de seguridad (bloqueo autom\u00e1tico) (placa el\u00e9ctrica):\u00a0<\/strong>S\u00ed<\/li>\n<\/ul>\n<h5 class=\"et_pb_toggle_title\">Conexi\u00f3n el\u00e9ctrica<\/h5>\n<div class=\"et_pb_toggle_content clearfix\">\n<ul>\n<li><strong>Frecuencia (Hz):\u00a0<\/strong>50\/60<\/li>\n<\/ul>\n<\/div>\n<\/div>\n<\/div>\n<\/div>\n<\/div>\n<\/div>\n<div id=\"ref-ean\">\n<div class=\"ref\">REF. 112620000<\/div>\n<p>EAN. 8434778017731<\/p>\n<\/div>\n<div id=\"product-color-price\">\n<div class=\"product-colors\">\n<div>Color:\u00a0<span class=\"current-color\">Inox<\/span><\/div>\n<\/div>\n<\/div>\n<\/div>\n<\/div>\n<\/div>\n","protected":false},"excerpt":{"rendered":"<h3>Encimera de acero inoxidable de 4 quemadores y parrillas<br \/>\nde hierro fundido, con Sistema de Seguridad.<\/h3>\n<div id=\"product-content\">\n<ul>\n<li>4 Quemadores<\/li>\n<li>Base de acero inoxidable<\/li>\n<li>Panel mec\u00e1nico lateral<\/li>\n<li>Parrillas de hierro fundido<\/li>\n<li>Autoencendido<\/li>\n<\/ul>\n<\/div>\n<div id=\"ref-ean\"><\/div>\n<div id=\"product-color-price\">\n<div class=\"product-colors\">\n<div>\n<h3>Rejillas de acero fundido<\/h3>\n<p>Rejillas de hierro fundido con dise\u00f1o curvo para que puedas deslizar los recipientes de un lugar a otro con completa libertad. Mayor independencia para cocinar en cada zona de cocci\u00f3n.<\/p>\n<\/div>\n<div>\n<h3>Tecnolog\u00eda de autoignici\u00f3n<\/h3>\n<p>Las placas de gas con tecnolog\u00eda de autognici\u00f3n no requieren cerillas ni mecheros para encender la llama. Simplemente gira el mando para encenderla.<\/p>\n<h3 id=\"product-technical-details-title\" class=\"et_pb_row product-title-section\">Detalles t\u00e9cnicos<\/h3>\n<div id=\"product-features\" class=\"et_pb_section_2\">\n<div class=\"et_pb_row\">\n<div class=\"et_pb_column et_pb_column_4_4\">\n<div id=\"product-features-list\" class=\"list-gray et_pb_module et_pb_text et_pb_text_5 et_pb_bg_layout_light et_pb_text_align_left\">\n<div class=\"et_pb_text_inner\">\n<ul>\n<li>Encimera de cocci\u00f3n gas<\/li>\n<li>Parrillas de fundici\u00f3n<\/li>\n<li>Autoencendido en cada quemador<\/li>\n<li>Sistema de Seguridad Termopar: Corta el paso del Gas<\/li>\n<li>Dimensiones: 580 x 500 mm<\/li>\n<li>4 zonas de cocci\u00f3n:<\/li>\n<li>1 quemador r\u00e1pido 2,75 kw<\/li>\n<li>2 quemadores semi-r\u00e1pidos 1,65 kw<\/li>\n<li>1 quemador auxiliar 0.9 kw.<\/li>\n<li>Fabricada en Italia.<\/li>\n<\/ul>\n<\/div>\n<\/div>\n<\/div>\n<\/div>\n<\/div>\n<div id=\"product-color-price\">\n<div>\n<h5 class=\"et_pb_toggle_title\">Medidas generales<\/h5>\n<div class=\"et_pb_toggle_content clearfix\">\n<ul>\n<li><strong>Altura del producto (mm):\u00a0<\/strong>35<\/li>\n<li><strong>Anchura del producto (mm):\u00a0<\/strong>600<\/li>\n<li><strong>Profundidad del producto (mm):\u00a0<\/strong>435<\/li>\n<li><strong>Peso del producto (Kg):\u00a0<\/strong>7<\/li>\n<\/ul>\n<h5 class=\"et_pb_toggle_title\">Medidas de ajuste<\/h5>\n<div class=\"et_pb_toggle_content clearfix\">\n<ul>\n<li><strong>Built-in Ancho (mm):\u00a0<\/strong>580<\/li>\n<li><strong>Incorporado en profundidad (mm):\u00a0<\/strong>415<\/li>\n<li><strong>Incorporado Altura (mm):\u00a0<\/strong>35<\/li>\n<\/ul>\n<h5 class=\"et_pb_toggle_title\">Sistema de seguridad<\/h5>\n<div class=\"et_pb_toggle_content clearfix\">\n<ul>\n<li><strong>Desconexi\u00f3n autom\u00e1tica de seguridad (bloqueo autom\u00e1tico) (Gas):\u00a0<\/strong>S\u00ed<\/li>\n<li><strong>Desconexi\u00f3n autom\u00e1tica de seguridad (bloqueo autom\u00e1tico) (placa el\u00e9ctrica):\u00a0<\/strong>S\u00ed<\/li>\n<\/ul>\n<h5 class=\"et_pb_toggle_title\">Conexi\u00f3n el\u00e9ctrica<\/h5>\n<div class=\"et_pb_toggle_content clearfix\">\n<ul>\n<li><strong>Frecuencia (Hz):\u00a0<\/strong>50\/60<\/li>\n<\/ul>\n<\/div>\n<\/div>\n<\/div>\n<\/div>\n<\/div>\n<\/div>\n<div id=\"ref-ean\">\n<div class=\"ref\">REF. 112620000<\/div>\n<p>EAN. 8434778017731<\/p>\n<\/div>\n<div id=\"product-color-price\">\n<div class=\"product-colors\">\n<div>Color:\u00a0<span class=\"current-color\">Inox<\/span><\/div>\n<\/div>\n<\/div>\n<\/div>\n<\/div>\n<\/div>\n","protected":false},"featured_media":14002,"comment_status":"open","ping_status":"closed","template":"","meta":[],"product_cat":[94,95],"product_tag":[],"_links":{"self":[{"href":"https:\/\/espacioelectricos.cl\/index.php?rest_route=\/wp\/v2\/product\/13073"}],"collection":[{"href":"https:\/\/espacioelectricos.cl\/index.php?rest_route=\/wp\/v2\/product"}],"about":[{"href":"https:\/\/espacioelectricos.cl\/index.php?rest_route=\/wp\/v2\/types\/product"}],"replies":[{"embeddable":true,"href":"https:\/\/espacioelectricos.cl\/index.php?rest_route=%2Fwp%2Fv2%2Fcomments&post=13073"}],"version-history":[{"count":3,"href":"https:\/\/espacioelectricos.cl\/index.php?rest_route=\/wp\/v2\/product\/13073\/revisions"}],"predecessor-version":[{"id":14013,"href":"https:\/\/espacioelectricos.cl\/index.php?rest_route=\/wp\/v2\/product\/13073\/revisions\/14013"}],"wp:featuredmedia":[{"embeddable":true,"href":"https:\/\/espacioelectricos.cl\/index.php?rest_route=\/wp\/v2\/media\/14002"}],"wp:attachment":[{"href":"https:\/\/espacioelectricos.cl\/index.php?rest_route=%2Fwp%2Fv2%2Fmedia&parent=13073"}],"wp:term":[{"taxonomy":"product_cat","embeddable":true,"href":"https:\/\/espacioelectricos.cl\/index.php?rest_route=%2Fwp%2Fv2%2Fproduct_cat&post=13073"},{"taxonomy":"product_tag","embeddable":true,"href":"https:\/\/espacioelectricos.cl\/index.php?rest_route=%2Fwp%2Fv2%2Fproduct_tag&post=13073"}],"curies":[{"name":"wp","href":"https:\/\/api.w.org\/{rel}","templated":true}]}}